rue
Is 71690813 a composite number?
True
Is 111119117 prime?
True
Is 1568527 a prime number?
False
Is 382283219 a prime number?
False
Is 52364407 a prime number?
True
Is 687404617 a prime number?
True
Is 9593681 a composite number?
True
Is 47754137 composite?
False
Is 90037039 composite?
True
Is 31886623 a composite number?
False
Is 8832127 prime?
True
Is 111927523 a composite number?
False
Is 418129 a prime number?
True
Is 469193 a prime number?
True
Is 71458091 a prime number?
True
Is 101022659 a prime number?
False
Is 10536041 composite?
False
Is 3001421 a prime number?
True
Is 3561343 a composite number?
True
Is 59588918 a prime number?
False
Is 16310857 prime?
False
Is 236582051 prime?
False
Is 106945463 a prime number?
True
Is 6058901 composite?
False
Is 20953123 composite?
False
Is 471583 composite?
True
Is 539501 prime?
True
Is 809371 composite?
True
Is 4563101 composite?
False
Is 83638457 composite?
True
Is 3131081 prime?
False
Is 117249029 a prime number?
True
Is 12577751 composite?
False
Is 13831835 composite?
True
Is 195186203 a composite number?
True
Is 5226679 composite?
True
Is 1562069 a prime number?
False
Is 2329997 a prime number?
True
Is 1239055703 prime?
True
Is 28076281 a prime number?
False
Is 25427 prime?
False
Is 616057 prime?
False
Is 917219 a composite number?
False
Is 10853477 prime?
False
Is 95319563 a composite number?
True
Is 776389 composite?
False
Is 28018229 prime?
False
Is 32633135 prime?
False
Is 3923159 a composite number?
False
Is 381229 a prime number?
False
Is 1418153 composite?
True
Is 62848715 a composite number?
True
Is 3230809 prime?
True
Is 30614093 a composite number?
True
Is 81341713 prime?
False
Is 67238323 prime?
True
Is 6673273 composite?
False
Is 88045319 composite?
True
Is 5803651 composite?
True
Is 6039205 a prime number?
False
Is 812170559 a prime number?
True
Is 1442479 composite?
True
Is 54763957 prime?
True
Is 282631 composite?
True
Is 8102959 composite?
False
Is 21493273 prime?
True
Is 10078633 composite?
True
Is 4000541 a composite number?
False
Is 8726957 a composite number?
False
Is 4077847 composite?
False
Is 1973467 composite?
False
Is 410359 prime?
True
Is 4663237 composite?
True
Is 5878483 a composite number?
True
Is 39421 a prime number?
False
Is 203519 a prime number?
False
Is 21603801 a prime number?
False
Is 986940995 composite?
True
Is 154195781 prime?
False
Is 609607 prime?
True
Is 284831047 prime?
True
Is 287929193 composite?
True
Is 7217629 a prime number?
True
Is 5877737 a prime number?
True
Is 224198153 composite?
False
Is 7220999 a composite number?
False
Is 115082689 composite?
False
Is 150929 a prime number?
True
Is 309134143 a composite number?
False
Is 46090243 a prime number?
True
Is 429934523 a prime number?
True
Is 25893247 a prime number?
True
Is 13837 a prime number?
False
Is 1738039 a composite number?
False
Is 10741889 prime?
True
Is 5804537 a prime number?
False
Is 22398674 a composite number?
True
Is 10445509 a composite number?
True
Is 6909839 a prime number?
False
Is 528133 a prime number?
False
Is 136310321 a prime number?
False
Is 52673221 prime?
False
Is 2840417 a composite number?
False
Is 970129 composite?
True
Is 7424849 composite?
False
Is 5235913 a composite number?
False
Is 36398189 prime?
False
Is 2016143 a prime number?
False
Is 2957023 composite?
False
Is 187172537 a composite number?
False
Is 319600481 a prime number?
True
Is 474119 composite?
False
Is 14107927 a composite number?
True
Is 3007163 prime?
False
Is 9425407 a prime number?
False
Is 375395 a prime number?
False
Is 24256259 prime?
True
Is 33047759 a composite number?
False
Is 12518557 a prime number?
True
Is 15314185 prime?
False
Is 3206281 a prime number?
False
Is 4441387 prime?
True
Is 8569619 composite?
False
Is 17710174 composite?
True
Is 2618977 a prime number?
False
Is 500702066 composite?
True
Is 11166559 composite?
False
Is 6782387 composite?
True
Is 2155501 a prime number?
False
Is 81527302 composite?
True
Is 2741729 composite?
False
Is 7010429 prime?
False
Is 380317247 a composite number?
False
Is 10983481 a prime number?
True
Is 16707995 prime?
False
Is 286465631 a composite number?
False
Is 73534817 a prime number?
True
Is 215068073 composite?
True
Is 6323963 composite?
True
Is 1577951 a composite number?
True
Is 1637221 a composite number?
False
Is 377549951 prime?
True
Is 19692983 a prime number?
False
Is 68443 a composite number?
False
Is 188519 a prime number?
True
Is 23987995 a prime number?
False
Is 4206898 a composite number?
True
Is 58406267 prime?
True
Is 299821451 prime?
True
Is 151782871 a composite number?
True
Is 509543 a composite number?
False
Is 47648449 prime?
False
Is 3227833 prime?
False
Is 468200003 composite?
True
Is 123899 a prime number?
False
Is 1182317 composite?
True
Is 908902255 a prime number?
False
Is 47933 a composite number?
False
Is 207538 a prime number?
False
Is 459327437 a prime number?
False
Is 29079959 a composite number?
False
Is 9213959 a composite number?
True
Is 13236099 a composite number?
True
Is 89981659 a prime number?
False
Is 159159235 prime?
False
Is 7474823 composite?
False
Is 2895743 composite?
False
Is 107096909 a composite number?
True
Is 2080961 composite?
False
Is 37688377 prime?
True
Is 617156513 composite?
False
Is 15414695 composite?
True
Is 479873 a prime number?
False
Is 876149 a prime number?
True
Is 268572721 a composite number?
False
Is 137027641 a composite number?
False
Is 16269031 prime?
True
Is 85772413 a prime number?
False
Is 988313 a composite number?
False
Is 51499213 prime?
True
Is 24558847 a prime number?
False
Is 49613 prime?
True
Is 3409529 composite?
False
Is 139018651 composite?
False
Is 16960763 composite?
True
Is 1372531 a prime number?
True
Is 138895571 composite?
False
Is 947911 prime?
True
Is 396579047 prime?
False
Is 7367299 a prime number?
False
Is 963335957 prime?
False
Is 7409481 a composite number?
True
Is 4243513 a prime number?
False
Is 5556007 a composite number?
True
Is 7932949 a prime number?
True
Is 440897 a composite number?
True
Is 8159899 composite?
True
Is 120703267 a prime number?
True
Is 2793026 composite?
True
Is 15443339 prime?
True
Is 9967 prime?
True
Is 3076783 a composite number?
False
Is 130229653 a composite number?
True
Is 9511 a composite number?
False
Is 424359587 a composite number?
False
Is 2292358 prime?
False
Is 10309363 a composite number?
False
Is 430672453 composite?
False
Is 195469577 prime?
False
Is 11185381 prime?
True
Is 2704153 a composite number?
True
Is 2698921 prime?
True
Is 1607161 a prime number?
False
Is 10340661 a prime number?
False
Is 4197037 prime?
False
Is 125371 prime?
True
Is 4200043 prime?
True
Is 23353405 a composite number?
True
Is 900685 a prime number?
False
Is 1736951 a composite number?
False
Is 10020757 a composite number?
True
Is 53545433 a composite number?
False
Is 18095591 a prime number?
True
Is 456576955 a composite number?
True
Is 1255767181 prime?
False
Is 9102737 a composite number?
True
Is 3306959 a prime number?
False
Is 130547023 composite?
False
Is 16227734 a prime number?
False
Is 2093033 composite?
True
Is 8591689 a composite number?
False
Is 411507905 composite?
True
Is 621853 prime?
False
Is 55639531 a composite number?
False
Is 47206015 a prime number?
False
Is 230003 a composite number?
False
Is 33905987 a composite number?
False
Is 97241 prime?
True
Is 106565087 a prime number?
True
Is 9793471 a prime number?
False
Is 1842703 composite?
False
Is 48628471 composite?
True
Is 1268843 a prime number?
True
Is 49314113 a composite number?
False
Is 577491 prime?
False
Is 12922769 composite?
False
Is 25502089 a composite number?
True
Is 34224439 a prime number?
True
Is 65115329 a prime number?
True
Is 4569979 a prime number?
False
Is 23162746 a prime number?
False
Is 60271507 prime?
True
Is 418125245 a composite number?
True
Is 32037051 a composite number?
True
Is 1792267 prime?
True
Is 191302979 a prime number?
False
Is 638933 prime?
True
Is 4637411 prime?
True
Is 772843 composite?
False
Is 101042083 prime?
True
Is 11654327 composite?
False
Is 297757 a prime number?
True
Is 56872403 prime?
False
Is 24451841 a prime number?
False
Is 30826727 a prime number?
True
Is 10907263 composite?
False
Is 66756451 prime?
True
